 3. Let x be t(-1). What are the prime factors of (x - 2) + (-244)/(-4)?
59
Let f(b) = -2*b**2 + 7*b - 10*b + 3*b**2. List the prime factors of f(-5).
2, 5
Let n(x) = -6*x + 2. Let v(d) = -5*d + 1. Let g(o) = -2*n(o) + 3*v(o). Let f be g(6). Let i = f + 68. What are the prime factors of i?
7
Let h be -1*(-5 + (-2)/(-1)). Let f be ((-3)/h - 1)*-1. What are the prime factors of 134/8 + f/8?
17
Let a = 2 + 6. Suppose a*y - 8 = 10*y. What are the prime factors of (6/y)/(42/(-1232))?
2, 11
Suppose 9*s - 3*d = 4*s + 368, 5*d + 5 = 0. Suppose 2*u = 4*y + s - 305, 2*u + 61 = y. List the prime factors of y.
3, 19
Suppose 12 = r + 2*i, -2*r + 3*i + 14 = 4. Suppose -254 = -r*u + 26. What are the prime factors of u?
5, 7
Suppose 2*q + 4*d = -35 + 375, 4*q - 4*d = 656. Suppose 5*m = -4*w + q, 2*w + 3 = m - 33. List the prime factors of m.
2, 17
Suppose -28*f + 10*f + 7632 = 0. List the prime factors of f.
2, 53
Let u(z) = 8*z**2 + 11*z + 3. List the prime factors of u(-8).
7, 61
Let i(p) = p**3 - 13*p**2 + p - 11. Let h be i(13). Suppose -h*u = 4*z - 46, -4*u + 6*z + 125 = 3*z. What are the prime factors of u?
29
Let v = 1875 - -981. What are the prime factors of v?
2, 3, 7, 17
Let w be 6 + 0*4/(-20). Let j be 12719/115 - w/10. Let c = j + -55. What are the prime factors of c?
5, 11
Suppose -y = -6*y + 1415. List the prime factors of y.
283
Suppose 5*k = -5*x + 65, -x + 4 = -5*k + 3*k. Suppose -x*y + 9*y + 13 = 0. List the prime factors of y.
13
Let m(f) = f**2 - 2*f - 1. Let t be m(-1). Let i be (-3 + 7/t)*-38. Let c = -4 - i. List the prime factors of c.
3, 5
List the prime factors of ((-3 - 0) + 4)*1 + 752.
3, 251
What are the prime factors of (78/(-5))/(-6 - (-2388)/400)?
2, 5, 13
Suppose -38*w + 3153 + 58407 = 0. What are the prime factors of w?
2, 3, 5
Suppose 0 = 176*c - 169*c - 616. List the prime factors of c.
2, 11
Suppose 11*g + 5784 = 16*g + m, 2*g - 5*m = 2292. What are the prime factors of g?
2, 17
Let s(w) = -w**2 + w + 20. Let f be s(5). Let a(l) = -l**3 + 2*l**2 - 2*l + 53. List the prime factors of a(f).
53
Let b = 2998 + -1488. List the prime factors of b.
2, 5, 151
Let p(a) = 2*a**3 - 19*a**2 + 9*a + 29. Let f(r) = -5*r - 15. Let v be f(-5). List the prime factors of p(v).
3, 73
Let x = 259 + -74. List the prime factors of x.
5, 37
Suppose 4*w + 7 = -5*p - 2, -5*w + 4*p = -40. Suppose 0 = w*z - 7 - 1. List the prime factors of -5*((-44)/10 + z).
2, 3
Suppose 0 = -3*d - 6, 5*a - 4950 - 2095 = -5*d. What are the prime factors of a?
17, 83
Let s(l) = 5*l + 77. Let d be s(-15). List the prime factors of (1308/(-30))/(d/(-10)).
2, 109
Let k be (-2)/(14/(-30) + (-1)/5). Suppose 0 = -2*i - 5 + 17. Suppose -46 = -k*g - d + i*d, 0 = -4*g - 5*d + 38. List the prime factors of g.
2, 3
Let q(a) = a**3 + 6*a**2 + 7*a + 5. Let n = -27 + 23. What are the prime factors of q(n)?
3
Let x(f) be the second derivative of f**4/12 - f**3 - 2*f**2 - f. Let a = -79 - -87. List the prime factors of x(a).
2, 3
Let q = 199 - 478. Let j = q - -398. List the prime factors of j.
7, 17
Let p be 1 + -1 + 10*1. Let m be (-70)/28*12/p. List the prime factors of (-28)/m*1*3.
2, 7
Let q = 109 - 99. Let d(a) = -a**2 + 17*a - 21. List the prime factors of d(q).
7
Suppose -3*z + 3*h - 15 = z, -4*z - 2*h + 10 = 0. Suppose z*i = 4*i - 532. Let g = -92 + i. List the prime factors of g.
41
Let w = -30 - -57. Let b = 28 - w. Suppose j = -3*p + 49, 0 = -j - 0 + b. What are the prime factors of p?
2
Let k(g) = g**3 + 14*g**2 + 4. Let v be k(-14). Suppose v*r + 2 - 10 = 0. Suppose 2*j + 2 = 0, r*a + 4*j = 3*a - 20. What are the prime factors of a?
2
Let s(u) = -u + 6. Let o be s(-5). Suppose -o*i + 684 = 46. List the prime factors of i.
2, 29
Suppose 0*q + 5*q = l + 154, -3*l + 3*q = 498. Let h = l + 386. What are the prime factors of h?
7, 31
Let h be (-32)/(-14) + (-4)/14. Suppose 76 = h*q + 22. What are the prime factors of q?
3
Suppose 0 = -2*c - 3*c + 10. Let y(w) = 7*w**2 - 6*w**c + 7*w**2 - 2*w + 2*w**2. List the prime factors of y(2).
2, 3
Let d(s) = s**3 + 18*s**2 + 17*s + 10. List the prime factors of d(-8).
2, 257
Let j(o) = o + 28. Let s be j(-16). Suppose -s - 32 = -2*c - 2*f, -2*c = -f - 35. What are the prime factors of c?
19
Let h = 5952 - 1356. List the prime factors of h.
2, 3, 383
Suppose -14 = -4*d - 2*i, -4*i + 5 = 4*d - 7. Let k = d - -21. List the prime factors of k.
5
Suppose -3*b + 280 = 2*b - 2*l, 0 = 4*l + 20. Let z(a) = 28*a**3 + 2*a**2 - 1. Let i be z(-1). Let u = b + i. List the prime factors of u.
3
Let r = 13 + -27. Let t = 50 + r. What are the prime factors of -1*4*(-549)/t?
61
Suppose 5*g = -3*w + 4504, 3*g - 8*w + 10*w = 2703. List the prime factors of g.
29, 31
Let k = 23 - 24. What are the prime factors of (819/(-26))/(k/2)?
3, 7
Let n be (11 - -2)*(-2 - -6)/4. Suppose 117 = 3*x + 4*z + n, 36 = 2*x - 4*z. List the prime factors of x.
2, 7
Let z = 26 + -13. Let t = 6 - z. List the prime factors of (-2)/(t/((-308)/(-8))).
11
Let a(z) = -3*z - 23. Let p be a(-12). Suppose -p*w = -8*w - 1495. List the prime factors of w.
13, 23
Let w(c) = 20*c - 3 - 48*c - 70*c - 6. List the prime factors of w(-2).
11, 17
Suppose -2*n = 3*n + 25, -3*n + 109 = -2*c. Let q = -102 - c. Let b = 4 - q. List the prime factors of b.
2, 11
Let t(j) = 2*j - 10. Let w be t(6). Suppose 5*m - m = w*b + 322, -m - 4*b = -58. What are the prime factors of m?
2, 3, 13
Suppose 0 = 2*o + o - 237. Suppose 4*l = y - 13, 4*y - 5*l - 26 = -2*l. Suppose -3*t - 2*a + 41 = 0, a + a + o = y*t. What are the prime factors of t?
3, 5
Let q be (11/2)/(3/(-6)). Let d = q + 15. Suppose -66 = -d*j - 5*a + 56, -a = -5*j + 167. List the prime factors of j.
3, 11
Let a be (-78)/13 - -2*2. What are the prime factors of 1/(((-2)/22)/(1 + a))?
11
Let l(v) = 7*v**3 - 18*v**2 - 7*v - 21. Let s(f) = 6*f**3 - 17*f**2 - 7*f - 22. Let c(z) = -5*l(z) + 6*s(z). List the prime factors of c(13).
3, 17
Suppose -9*b + b = -2216. What are the prime factors of b?
277
Let l(o) = 5*o**2 - 99*o - 5. What are the prime factors of l(23)?
3, 11
Let l = 3726 - 2595. List the prime factors of l.
3, 13, 29
What are the prime factors of (-10 + (-728)/(-12))*102/8?
2, 17, 19
Suppose 5811 = 6*i - 1281. What are the prime factors of i?
2, 3, 197
Let p(m) = m**3 + 11*m**2 - 2*m - 8. What are the prime factors of p(-9)?
2, 43
Let p(a) be the second derivative of a**4/12 - 5*a**3/6 - 3*a**2 - 4*a. Let h be p(6). Let b = 6 + h. List the prime factors of b.
2, 3
Let v(x) = x**3 - 14*x**2 - 12*x - 22. Let i = 31 - 16. List the prime factors of v(i).
23
Suppose 2*d + 43 = -5*i, -31 = 6*d - 2*d - i. Let z = -6 - d. Suppose -3*o - z*h + 57 = 0, -4*o = -3*o + 3*h - 11. What are the prime factors of o?
23
Let t(s) = -s**2 - 6*s + 10. Let n be t(-7). Let x(o) = -8*o + 4. Let b be x(n). What are the prime factors of (-456)/b - (-2)/10?
23
Suppose 6*f - 4*f - 1746 = -4*t, 5*t = 3*f - 2630. Suppose 0 = h + 4*h - f. List the prime factors of h.
5, 7
Let s = 17 - 12. Suppose -669 = -3*c - 0*z - 3*z, -2*z + 1112 = s*c. What are the prime factors of c/(-9)*3/(-2)?
37
Suppose -102*p + 719510 = 192782. What are the prime factors of p?
2, 1291
Let j(m) = 39*m - 4. Let v be j(7). Suppose 0 = 7*z - 214 - v. List the prime factors of z.
3, 23
Let v(f) = 3 + 11*f - 3*f - f**2 - f**2 + 4*f**2. Let u = -19 - -13. List the prime factors of v(u).
3
Let t(i) = 149*i - 63. What are the prime factors of t(4)?
13, 41
Let l = 1589 + -1468. What are the prime factors of l?
11
Suppose 0 = 2*l - 549 - 811. What are the prime factors of l?
2, 5, 17
List the prime factors of ((-72)/4)/6 + 998.
5, 199
List the prime factors of (-225)/3*(-180)/25.
2, 3, 5
Suppose -191 = -a + 6*m - 9*m, a - 188 = -2*m. What are the prime factors of a?
2, 7, 13
Let b = -7 - -5. Let n be 3 + (2 + b)/4. Suppose 5*x + 5*a - 190 = 0, 5*x + n*a - 255 + 59 = 0. What are the prime factors of x?
41
Let p(t) = -t**3 - 2*t**2 + 8*t. Let z(s) = s**3 + 3*s**2 - 9*s + 1. Let x(b) = 4*p(b) + 3*z(b). What are the prime factors of x(-3)?
2, 3
Suppose 2*d - 8 = 0, 4*d - 56 = -f - 0*d. List the prime factors of (-69)/4*f/(-10).
3, 23
Let n(o) = -o**2 - 10*o - 7. Let c be n(-9). Suppose 2052 = -c*u + 14*u. What are the prime factors of u?
3, 19
Let n be 2 + (2 - 3) + 16. Let l = -60 + n. Let d = l - -87. W